{"id":1299,"date":"2022-05-27T12:19:23","date_gmt":"2022-05-27T10:19:23","guid":{"rendered":"https:\/\/www.encaissement-act.com\/?page_id=1299"},"modified":"2022-05-27T12:31:58","modified_gmt":"2022-05-27T10:31:58","slug":"mentions-legales","status":"publish","type":"page","link":"https:\/\/www.encaissement-act.com\/index.php\/mentions-legales\/","title":{"rendered":"Mentions l\u00e9gales"},"content":{"rendered":"\t\t<div data-elementor-type=\"wp-page\" data-elementor-id=\"1299\" class=\"elementor elementor-1299\" data-elementor-post-type=\"page\">\n\t\t\t\t\t\t<section class=\"elementor-section elementor-top-section elementor-element elementor-element-1c05807 elementor-section-boxed elementor-section-height-default elementor-section-height-default\" data-id=\"1c05807\" data-element_type=\"section\">\n\t\t\t\t\t\t<div class=\"elementor-container elementor-column-gap-default\">\n\t\t\t\t\t<div class=\"elementor-column elementor-col-100 elementor-top-column elementor-element elementor-element-d384f42\" data-id=\"d384f42\" data-element_type=\"column\">\n\t\t\t<div class=\"elementor-widget-wrap elementor-element-populated\">\n\t\t\t\t\t\t<div class=\"elementor-element elementor-element-a0e954d elementor-widget elementor-widget-heading\" data-id=\"a0e954d\" data-element_type=\"widget\" data-widget_type=\"heading.default\">\n\t\t\t\t<div class=\"elementor-widget-container\">\n\t\t\t\t\t<h1 class=\"elementor-heading-title elementor-size-default\">Mentions L\u00e9gales<\/h1>\t\t\t\t<\/div>\n\t\t\t\t<\/div>\n\t\t\t\t<div class=\"elementor-element elementor-element-e168072 elementor-widget-divider--view-line elementor-invisible elementor-widget elementor-widget-divider\" data-id=\"e168072\" data-element_type=\"widget\" data-settings=\"{&quot;_animation&quot;:&quot;fadeInLeft&quot;,&quot;_animation_delay&quot;:1900}\" data-widget_type=\"divider.default\">\n\t\t\t\t<div class=\"elementor-widget-container\">\n\t\t\t\t\t\t\t<div class=\"elementor-divider\">\n\t\t\t<span class=\"elementor-divider-separator\">\n\t\t\t\t\t\t<\/span>\n\t\t<\/div>\n\t\t\t\t\t\t<\/div>\n\t\t\t\t<\/div>\n\t\t\t\t<div class=\"elementor-element elementor-element-9f9d037 elementor-widget elementor-widget-text-editor\" data-id=\"9f9d037\" data-element_type=\"widget\" data-widget_type=\"text-editor.default\">\n\t\t\t\t<div class=\"elementor-widget-container\">\n\t\t\t\t\t\t\t\t\t<p><b>Inscription au registre du commerce :<br \/><\/b>ACT<br \/>Directeur de publication : Nicolas Durand<br \/>265 avenue des Eb\u00e9nistes \u2013 ZA Bel air<br \/>12000 RODEZ<br \/>Mail : contact@encaissement-act.com \/ T\u00e9l : 05.65.42.21.13<br \/>Num\u00e9ro SIRET : 40117123600136<br \/>N\u00b0TVA intracom : FR91401171236<br \/>APE : 7120B<br \/>Capital social : 57 000 \u20ac<\/p><p><b>Editeur du site :<br \/><\/b>Cl\u00e9mence Bartheye<br \/>Agence Kalici Communication &amp; Marketing<br \/>La Remise, 3 route de Roussennac<br \/>12390 Anglars-saint-f\u00e9lix<br \/>T\u00e9l : 07.72.10.24.13 \/ 05.65.63.69.27<br \/>Mail : contact@kalici.fr<\/p><p><b>Droit applicable :<br \/><\/b>Il est formellement interdit de copier ou reproduire le site Internet ou toute partie de ce site sur n\u2019importe quel serveur ou emplacement pour l\u2019utiliser \u00e0 des fins commerciales, le publier \u00e0 nouveau ou le redistribuer.<br \/>Pour \u00eatre autoris\u00e9 \u00e0 utiliser le contenu du site Internet, merci d\u2019adresser votre demande \u00e0 notre webmaster. Les violateurs feront l\u2019objet de poursuites judiciaires.<\/p><p><b>H\u00e9bergeur du site : <br \/><\/b>ACT<br \/>265 avenue des Eb\u00e9nistes \u2013 ZA Bel air<br \/>12000 RODEZ<\/p><p><b>Cookies<br \/><\/b><span style=\"font-size: 16px;\"><i>D\u00e9finition des cookies<br \/><\/i><\/span><span style=\"font-size: 16px;\">Un cookie est un fichier t\u00e9l\u00e9charg\u00e9 sur votre terminal (ordinateur, tablette ou mobile) lors de l\u2019acc\u00e8s \u00e0 notre site Web. Les cookies nous permettent de stocker et r\u00e9cup\u00e9rer des informations sur vos habitudes de navigation ou de l\u2019\u00e9quipement \u00e0 partir duquel vous acc\u00e9dez.<\/span><\/p><p><i>Utilisation des cookies<br \/><\/i>Lors de votre premi\u00e8re connexion sur le Site, vous \u00eates avertis par un bandeau en bas de votre \u00e9cran que des informations relatives \u00e0 votre navigation sont susceptibles d\u2019\u00eatre enregistr\u00e9es dans des fichiers d\u00e9nomm\u00e9s \u00ab cookies \u00bb.<\/p><p>Les informations obtenues par le biais des cookies est li\u00e9e au nombre de pages que vous visitez, la langue, le lieu d\u2019o\u00f9 vous vous connectez, le nombre de nouveaux utilisateurs, la fr\u00e9quence et la r\u00e9currence de visites, la dur\u00e9e de votre visite, le navigateur ou le syst\u00e8me d\u2019exploitation de votre terminal (ordinateur, tablette ou mobile) \u00e0 partir duquel vous visitez le site.<br \/>Ces informations recueillies par le biais des cookies ne permettent pas de vous identifier mais enregistrent des informations relatives \u00e0 la navigation de votre terminal sur notre site. Elles sont utilis\u00e9es exclusivement pour nos besoins propres afin d\u2019am\u00e9liorer l\u2019interactivit\u00e9 et la performance de notre site web et aucune de ces informations ne fait l\u2019objet d\u2019une communication aupr\u00e8s de tiers.<\/p><p><i>Quels types de cookies utilis\u00e9s sur ce site ?<br \/><\/i>Les cookies que nous \u00e9mettons dans votre terminal nous permettent de reconna\u00eetre votre navigateur lorsque vous vous connectez \u00e0 notre site. Ces derniers nous permettent de :<br \/>\u2013 D\u2019\u00e9tablir des statistiques de fr\u00e9quentation (nombre de visite, de pages vues, votre parcours, \u2026).<br \/>\u2013 D\u2019adapter la pr\u00e9sentation de notre site aux pr\u00e9f\u00e9rences d\u2019affichage de votre terminal.<br \/>\u2013 De fournir du contenu, y compris de la publicit\u00e9, en rapport avec vos centres d\u2019int\u00e9r\u00eats.<\/p>\t\t\t\t\t\t\t\t<\/div>\n\t\t\t\t<\/div>\n\t\t\t\t\t<\/div>\n\t\t<\/div>\n\t\t\t\t\t<\/div>\n\t\t<\/section>\n\t\t\t\t<\/div>\n\t\t","protected":false},"excerpt":{"rendered":"<p>Mentions L\u00e9gales Inscription au registre du commerce :ACTDirecteur de publication : Nicolas Durand265 avenue des Eb\u00e9nistes \u2013 ZA Bel air12000 RODEZMail : contact@encaissement-act.com \/ T\u00e9l : 05.65.42.21.13Num\u00e9ro SIRET : 40117123600136N\u00b0TVA intracom : FR91401171236APE : 7120BCapital social : 57 000 \u20ac Editeur du site :Cl\u00e9mence BartheyeAgence Kalici Communication &amp; MarketingLa Remise, 3 route de Roussennac12390 Anglars-saint-f\u00e9lixT\u00e9l [&hellip;]<\/p>\n","protected":false},"author":1,"featured_media":0,"parent":0,"menu_order":0,"comment_status":"closed","ping_status":"closed","template":"","meta":{"_monsterinsights_skip_tracking":false,"_monsterinsights_sitenote_active":false,"_monsterinsights_sitenote_note":"","_monsterinsights_sitenote_category":0,"ocean_post_layout":"full-screen","ocean_both_sidebars_style":"","ocean_both_sidebars_content_width":0,"ocean_both_sidebars_sidebars_width":0,"ocean_sidebar":"0","ocean_second_sidebar":"0","ocean_disable_margins":"enable","ocean_add_body_class":"","ocean_shortcode_before_top_bar":"","ocean_shortcode_after_top_bar":"","ocean_shortcode_before_header":"","ocean_shortcode_after_header":"","ocean_has_shortcode":"","ocean_shortcode_after_title":"","ocean_shortcode_before_footer_widgets":"","ocean_shortcode_after_footer_widgets":"","ocean_shortcode_before_footer_bottom":"","ocean_shortcode_after_footer_bottom":"","ocean_display_top_bar":"default","ocean_display_header":"default","ocean_header_style":"","ocean_center_header_left_menu":"0","ocean_custom_header_template":"0","ocean_custom_logo":0,"ocean_custom_retina_logo":0,"ocean_custom_logo_max_width":0,"ocean_custom_logo_tablet_max_width":0,"ocean_custom_logo_mobile_max_width":0,"ocean_custom_logo_max_height":0,"ocean_custom_logo_tablet_max_height":0,"ocean_custom_logo_mobile_max_height":0,"ocean_header_custom_menu":"0","ocean_menu_typo_font_family":"0","ocean_menu_typo_font_subset":"","ocean_menu_typo_font_size":0,"ocean_menu_typo_font_size_tablet":0,"ocean_menu_typo_font_size_mobile":0,"ocean_menu_typo_font_size_unit":"px","ocean_menu_typo_font_weight":"","ocean_menu_typo_font_weight_tablet":"","ocean_menu_typo_font_weight_mobile":"","ocean_menu_typo_transform":"","ocean_menu_typo_transform_tablet":"","ocean_menu_typo_transform_mobile":"","ocean_menu_typo_line_height":0,"ocean_menu_typo_line_height_tablet":0,"ocean_menu_typo_line_height_mobile":0,"ocean_menu_typo_line_height_unit":"","ocean_menu_typo_spacing":0,"ocean_menu_typo_spacing_tablet":0,"ocean_menu_typo_spacing_mobile":0,"ocean_menu_typo_spacing_unit":"","ocean_menu_link_color":"","ocean_menu_link_color_hover":"","ocean_menu_link_color_active":"","ocean_menu_link_background":"","ocean_menu_link_hover_background":"","ocean_menu_link_active_background":"","ocean_menu_social_links_bg":"","ocean_menu_social_hover_links_bg":"","ocean_menu_social_links_color":"","ocean_menu_social_hover_links_color":"","ocean_disable_title":"on","ocean_disable_heading":"default","ocean_post_title":"","ocean_post_subheading":"","ocean_post_title_style":"","ocean_post_title_background_color":"","ocean_post_title_background":0,"ocean_post_title_bg_image_position":"","ocean_post_title_bg_image_attachment":"","ocean_post_title_bg_image_repeat":"","ocean_post_title_bg_image_size":"","ocean_post_title_height":0,"ocean_post_title_bg_overlay":0.5,"ocean_post_title_bg_overlay_color":"","ocean_disable_breadcrumbs":"default","ocean_breadcrumbs_color":"","ocean_breadcrumbs_separator_color":"","ocean_breadcrumbs_links_color":"","ocean_breadcrumbs_links_hover_color":"","ocean_display_footer_widgets":"default","ocean_display_footer_bottom":"default","ocean_custom_footer_template":"0","footnotes":""},"class_list":["post-1299","page","type-page","status-publish","hentry","entry"],"yoast_head":"<!-- This site is optimized with the Yoast SEO plugin v24.3 - https:\/\/yoast.com\/wordpress\/plugins\/seo\/ -->\n<title>Mentions l\u00e9gales - ACT encaissement<\/title>\n<meta name=\"robots\" content=\"index, follow, max-snippet:-1, max-image-preview:large, max-video-preview:-1\" \/>\n<link rel=\"canonical\" href=\"https:\/\/www.encaissement-act.com\/index.php\/mentions-legales\/\" \/>\n<meta property=\"og:locale\" content=\"fr_FR\" \/>\n<meta property=\"og:type\" content=\"article\" \/>\n<meta property=\"og:title\" content=\"Mentions l\u00e9gales - ACT encaissement\" \/>\n<meta property=\"og:description\" content=\"Mentions L\u00e9gales Inscription au registre du commerce :ACTDirecteur de publication : Nicolas Durand265 avenue des Eb\u00e9nistes \u2013 ZA Bel air12000 RODEZMail : contact@encaissement-act.com \/ T\u00e9l : 05.65.42.21.13Num\u00e9ro SIRET : 40117123600136N\u00b0TVA intracom : FR91401171236APE : 7120BCapital social : 57 000 \u20ac Editeur du site :Cl\u00e9mence BartheyeAgence Kalici Communication &amp; MarketingLa Remise, 3 route de Roussennac12390 Anglars-saint-f\u00e9lixT\u00e9l [&hellip;]\" \/>\n<meta property=\"og:url\" content=\"https:\/\/www.encaissement-act.com\/index.php\/mentions-legales\/\" \/>\n<meta property=\"og:site_name\" content=\"ACT encaissement\" \/>\n<meta property=\"article:publisher\" content=\"https:\/\/www.facebook.com\/ACT12000\" \/>\n<meta property=\"article:modified_time\" content=\"2022-05-27T10:31:58+00:00\" \/>\n<meta name=\"twitter:card\" content=\"summary_large_image\" \/>\n<meta name=\"twitter:label1\" content=\"Dur\u00e9e de lecture estim\u00e9e\" \/>\n\t<meta name=\"twitter:data1\" content=\"2 minutes\" \/>\n<script type=\"application\/ld+json\" class=\"yoast-schema-graph\">{\"@context\":\"https:\/\/schema.org\",\"@graph\":[{\"@type\":\"WebPage\",\"@id\":\"https:\/\/www.encaissement-act.com\/index.php\/mentions-legales\/\",\"url\":\"https:\/\/www.encaissement-act.com\/index.php\/mentions-legales\/\",\"name\":\"Mentions l\u00e9gales - ACT encaissement\",\"isPartOf\":{\"@id\":\"https:\/\/www.encaissement-act.com\/#website\"},\"datePublished\":\"2022-05-27T10:19:23+00:00\",\"dateModified\":\"2022-05-27T10:31:58+00:00\",\"breadcrumb\":{\"@id\":\"https:\/\/www.encaissement-act.com\/index.php\/mentions-legales\/#breadcrumb\"},\"inLanguage\":\"fr-FR\",\"potentialAction\":[{\"@type\":\"ReadAction\",\"target\":[\"https:\/\/www.encaissement-act.com\/index.php\/mentions-legales\/\"]}]},{\"@type\":\"BreadcrumbList\",\"@id\":\"https:\/\/www.encaissement-act.com\/index.php\/mentions-legales\/#breadcrumb\",\"itemListElement\":[{\"@type\":\"ListItem\",\"position\":1,\"name\":\"Accueil\",\"item\":\"https:\/\/www.encaissement-act.com\/\"},{\"@type\":\"ListItem\",\"position\":2,\"name\":\"Mentions l\u00e9gales\"}]},{\"@type\":\"WebSite\",\"@id\":\"https:\/\/www.encaissement-act.com\/#website\",\"url\":\"https:\/\/www.encaissement-act.com\/\",\"name\":\"ACT encaissement\",\"description\":\"Le sp\u00e9cialiste de l&#039;encaissement\",\"publisher\":{\"@id\":\"https:\/\/www.encaissement-act.com\/#organization\"},\"potentialAction\":[{\"@type\":\"SearchAction\",\"target\":{\"@type\":\"EntryPoint\",\"urlTemplate\":\"https:\/\/www.encaissement-act.com\/?s={search_term_string}\"},\"query-input\":{\"@type\":\"PropertyValueSpecification\",\"valueRequired\":true,\"valueName\":\"search_term_string\"}}],\"inLanguage\":\"fr-FR\"},{\"@type\":\"Organization\",\"@id\":\"https:\/\/www.encaissement-act.com\/#organization\",\"name\":\"ACT encaissement\",\"url\":\"https:\/\/www.encaissement-act.com\/\",\"logo\":{\"@type\":\"ImageObject\",\"inLanguage\":\"fr-FR\",\"@id\":\"https:\/\/www.encaissement-act.com\/#\/schema\/logo\/image\/\",\"url\":\"https:\/\/www.encaissement-act.com\/wp-content\/uploads\/2022\/04\/logo_act_encaissementx2.png\",\"contentUrl\":\"https:\/\/www.encaissement-act.com\/wp-content\/uploads\/2022\/04\/logo_act_encaissementx2.png\",\"width\":1000,\"height\":501,\"caption\":\"ACT encaissement\"},\"image\":{\"@id\":\"https:\/\/www.encaissement-act.com\/#\/schema\/logo\/image\/\"},\"sameAs\":[\"https:\/\/www.facebook.com\/ACT12000\",\"https:\/\/www.instagram.com\/actpesage\/\",\"https:\/\/www.linkedin.com\/company\/28543556\/admin\/\"]}]}<\/script>\n<!-- \/ Yoast SEO plugin. -->","yoast_head_json":{"title":"Mentions l\u00e9gales - ACT encaissement","robots":{"index":"index","follow":"follow","max-snippet":"max-snippet:-1","max-image-preview":"max-image-preview:large","max-video-preview":"max-video-preview:-1"},"canonical":"https:\/\/www.encaissement-act.com\/index.php\/mentions-legales\/","og_locale":"fr_FR","og_type":"article","og_title":"Mentions l\u00e9gales - ACT encaissement","og_description":"Mentions L\u00e9gales Inscription au registre du commerce :ACTDirecteur de publication : Nicolas Durand265 avenue des Eb\u00e9nistes \u2013 ZA Bel air12000 RODEZMail : contact@encaissement-act.com \/ T\u00e9l : 05.65.42.21.13Num\u00e9ro SIRET : 40117123600136N\u00b0TVA intracom : FR91401171236APE : 7120BCapital social : 57 000 \u20ac Editeur du site :Cl\u00e9mence BartheyeAgence Kalici Communication &amp; MarketingLa Remise, 3 route de Roussennac12390 Anglars-saint-f\u00e9lixT\u00e9l [&hellip;]","og_url":"https:\/\/www.encaissement-act.com\/index.php\/mentions-legales\/","og_site_name":"ACT encaissement","article_publisher":"https:\/\/www.facebook.com\/ACT12000","article_modified_time":"2022-05-27T10:31:58+00:00","twitter_card":"summary_large_image","twitter_misc":{"Dur\u00e9e de lecture estim\u00e9e":"2 minutes"},"schema":{"@context":"https:\/\/schema.org","@graph":[{"@type":"WebPage","@id":"https:\/\/www.encaissement-act.com\/index.php\/mentions-legales\/","url":"https:\/\/www.encaissement-act.com\/index.php\/mentions-legales\/","name":"Mentions l\u00e9gales - ACT encaissement","isPartOf":{"@id":"https:\/\/www.encaissement-act.com\/#website"},"datePublished":"2022-05-27T10:19:23+00:00","dateModified":"2022-05-27T10:31:58+00:00","breadcrumb":{"@id":"https:\/\/www.encaissement-act.com\/index.php\/mentions-legales\/#breadcrumb"},"inLanguage":"fr-FR","potentialAction":[{"@type":"ReadAction","target":["https:\/\/www.encaissement-act.com\/index.php\/mentions-legales\/"]}]},{"@type":"BreadcrumbList","@id":"https:\/\/www.encaissement-act.com\/index.php\/mentions-legales\/#breadcrumb","itemListElement":[{"@type":"ListItem","position":1,"name":"Accueil","item":"https:\/\/www.encaissement-act.com\/"},{"@type":"ListItem","position":2,"name":"Mentions l\u00e9gales"}]},{"@type":"WebSite","@id":"https:\/\/www.encaissement-act.com\/#website","url":"https:\/\/www.encaissement-act.com\/","name":"ACT encaissement","description":"Le sp\u00e9cialiste de l&#039;encaissement","publisher":{"@id":"https:\/\/www.encaissement-act.com\/#organization"},"potentialAction":[{"@type":"SearchAction","target":{"@type":"EntryPoint","urlTemplate":"https:\/\/www.encaissement-act.com\/?s={search_term_string}"},"query-input":{"@type":"PropertyValueSpecification","valueRequired":true,"valueName":"search_term_string"}}],"inLanguage":"fr-FR"},{"@type":"Organization","@id":"https:\/\/www.encaissement-act.com\/#organization","name":"ACT encaissement","url":"https:\/\/www.encaissement-act.com\/","logo":{"@type":"ImageObject","inLanguage":"fr-FR","@id":"https:\/\/www.encaissement-act.com\/#\/schema\/logo\/image\/","url":"https:\/\/www.encaissement-act.com\/wp-content\/uploads\/2022\/04\/logo_act_encaissementx2.png","contentUrl":"https:\/\/www.encaissement-act.com\/wp-content\/uploads\/2022\/04\/logo_act_encaissementx2.png","width":1000,"height":501,"caption":"ACT encaissement"},"image":{"@id":"https:\/\/www.encaissement-act.com\/#\/schema\/logo\/image\/"},"sameAs":["https:\/\/www.facebook.com\/ACT12000","https:\/\/www.instagram.com\/actpesage\/","https:\/\/www.linkedin.com\/company\/28543556\/admin\/"]}]}},"_links":{"self":[{"href":"https:\/\/www.encaissement-act.com\/index.php\/wp-json\/wp\/v2\/pages\/1299","targetHints":{"allow":["GET"]}}],"collection":[{"href":"https:\/\/www.encaissement-act.com\/index.php\/wp-json\/wp\/v2\/pages"}],"about":[{"href":"https:\/\/www.encaissement-act.com\/index.php\/wp-json\/wp\/v2\/types\/page"}],"author":[{"embeddable":true,"href":"https:\/\/www.encaissement-act.com\/index.php\/wp-json\/wp\/v2\/users\/1"}],"replies":[{"embeddable":true,"href":"https:\/\/www.encaissement-act.com\/index.php\/wp-json\/wp\/v2\/comments?post=1299"}],"version-history":[{"count":10,"href":"https:\/\/www.encaissement-act.com\/index.php\/wp-json\/wp\/v2\/pages\/1299\/revisions"}],"predecessor-version":[{"id":1310,"href":"https:\/\/www.encaissement-act.com\/index.php\/wp-json\/wp\/v2\/pages\/1299\/revisions\/1310"}],"wp:attachment":[{"href":"https:\/\/www.encaissement-act.com\/index.php\/wp-json\/wp\/v2\/media?parent=1299"}],"curies":[{"name":"wp","href":"https:\/\/api.w.org\/{rel}","templated":true}]}}